647?
7, 29, 101
What are the prime factors of 2435595?
3, 5, 397, 409
List the prime factors of 857363.
13, 65951
What are the prime factors of 1227945?
3, 5, 71, 1153
What are the prime factors of 12435140?
2, 5, 621757
List the prime factors of 231951.
3, 77317
List the prime factors of 384448.
2, 6007
List the prime factors of 1105830.
2, 3, 5, 11, 1117
What are the prime factors of 4051198?
2, 739, 2741
What are the prime factors of 11720431?
11720431
List the prime factors of 2423805.
3, 5, 349, 463
List the prime factors of 147060.
2, 3, 5, 19, 43
What are the prime factors of 580863?
3, 37, 5233
List the prime factors of 3306607.
3306607
What are the prime factors of 14272769?
7, 163, 1787
What are the prime factors of 3147773?
3147773
List the prime factors of 1745696.
2, 17, 3209
List the prime factors of 151050.
2, 3, 5, 19, 53
List the prime factors of 568026.
2, 3, 67, 157
What are the prime factors of 3396351?
3, 7, 161731
List the prime factors of 2589941.
647, 4003
What are the prime factors of 374320?
2, 5, 4679
What are the prime factors of 1896260?
2, 5, 59, 1607
List the prime factors of 8514450.
2, 3, 5, 7, 17, 53
What are the prime factors of 276329?
137, 2017
What are the prime factors of 11956558?
2, 5978279
What are the prime factors of 3522799?
7, 173, 2909
What are the prime factors of 2260122?
2, 3, 376687
List the prime factors of 949560.
2, 3, 5, 41, 193
What are the prime factors of 633047?
443, 1429
What are the prime factors of 950276?
2, 353, 673
List the prime factors of 1100094.
2, 3, 183349
What are the prime factors of 257481?
3, 7, 61, 67
List the prime factors of 8199752.
2, 11, 93179
What are the prime factors of 180511?
180511
What are the prime factors of 252246?
2, 3, 17, 2473
What are the prime factors of 758284?
2, 293, 647
What are the prime factors of 1817862?
2, 3, 302977
List the prime factors of 9527638.
2, 193, 24683
What are the prime factors of 1377053?
47, 83, 353
What are the prime factors of 478522?
2, 11, 21751
What are the prime factors of 11572265?
5, 167, 13859
List the prime factors of 1098722.
2, 317, 1733
List the prime factors of 195286.
2, 7, 13, 29, 37
What are the prime factors of 84888?
2, 3, 131
List the prime factors of 1978921.
7, 282703
What are the prime factors of 736231?
19, 38749
What are the prime factors of 4562692?
2, 37, 30829
List the prime factors of 2402823.
3, 251, 3191
What are the prime factors of 11927247?
3, 3975749
What are the prime factors of 4050863?
31, 149, 877
What are the prime factors of 1549718?
2, 41, 18899
List the prime factors of 610467.
3, 11, 13, 1423
List the prime factors of 34553.
109, 317
List the prime factors of 2243767.
19, 118093
List the prime factors of 652018.
2, 17, 127, 151
List the prime factors of 353584.
2, 7, 11, 41
What are the prime factors of 3935898?
2, 3, 23, 3169
List the prime factors of 131668.
2, 32917
List the prime factors of 3100969.
1319, 2351
What are the prime factors of 89171?
23, 3877
What are the prime factors of 1200025?
5, 23, 2087
What are the prime factors of 276065?
5, 55213
List the prime factors of 6287471.
271, 23201
List the prime factors of 24701861.
89, 277549
What are the prime factors of 558055?
5, 111611
List the prime factors of 746201.
31, 24071
List the prime factors of 538156.
2, 19, 73, 97
List the prime factors of 536511.
3, 43, 4159
What are the prime factors of 130277?
7, 37, 503
What are the prime factors of 8629612?
2, 577, 3739
What are the prime factors of 22372277?
22372277
What are the prime factors of 35178150?
2, 3, 5, 7, 33503
List the prime factors of 639077.
641, 997
List the prime factors of 4877262.
2, 3, 13, 19, 1097
What are the prime factors of 159510?
2, 3, 5, 13, 409
What are the prime factors of 1998156?
2, 3, 73, 2281
What are the prime factors of 467503?
467503
List the prime factors of 37002313.
31, 73, 83, 197
What are the prime factors of 3820776?
2, 3, 159199
What are the prime factors of 13015510?
2, 5, 1301551
List the prime factors of 11630877.
3, 3876959
List the prime factors of 19683352.
2, 13, 53, 3571
What are the prime factors of 193385?
5, 38677
What are the prime factors of 167330?
2, 5, 29, 577
List the prime factors of 2767361.
2767361
What are the prime factors of 201138?
2, 3, 7, 4789
What are the prime factors of 6541378?
2, 37, 88397
List the prime factors of 5495542.
2, 13, 71, 229
What are the prime factors of 4032216?
2, 3, 56003
What are the prime factors of 35085?
3, 5, 2339
What are the prime factors of 3562619?
37, 73, 1319
List the prime factors of 4466260.
2, 5, 223313
List the prime factors of 5609866.
2, 37, 41, 43
List the prime factors of 5570424.
2, 3, 17, 37, 41
List the prime factors of 190150.
2, 5, 3803
What are the prime factors of 998411?
998411
List the prime factors of 8413004.
2, 97, 21683
What are the prime factors of 1888649?
7, 17, 59, 269
List the prime factors of 292540.
2, 5, 14627
List the prime factors of 787530.
2, 3, 5, 26251
List the prime factors of 303909.
3, 17, 59, 101
List the prime factors of 786433.
786433
List the prime factors of 7648818.
2, 3, 1274803
What are the prime factors of 751767?
3, 29, 8641
What are the prime factors of 6103050?
2, 3, 5, 23, 29, 61
What are the prime factors of 98834?
2, 49417
What are the prime factors of 6173484?
2, 3, 151, 3407
List the prime factors of 14914222.
2, 7457111
List the prime factors of 3006560.
2, 5, 19, 23, 43
List the prime factors of 764036.
2, 7, 13, 2099
What are the prime factors of 373370?
2, 5, 37337
What are the prime factors of 245047?
11, 22277
What are the prime factors of 452197?
29, 31, 503
What are the prime factors of 2242035?
3, 5, 49823
List the prime factors of 641575.
5, 11, 2333
List the prime factors of 975945.
3, 5, 65063
List the prime factors of 3339015.
3, 5, 222601
List the prime factors of 1235084.
2, 17, 41, 443
List the prime factors of 112731.
3, 53, 709
List the prime factors of 3289748.
2, 7, 11, 971
List the prime factors of 50473.
17, 2969
List the prime factors of 709961.
7, 14489
What are the prime factors of 13474678?
2, 7, 962477
What are the prime factors of 24829?
7, 3547
List the prime factors of 142242.
2, 3, 151, 157
List the prime factors of 4234982.
2, 47, 45053
What are the prime factors of 266610?
2, 3, 5, 8887
What are the prime factors of 63174?
2, 3, 10529
What are the prime factors of 264536?
2, 43, 769
List the prime factors of 5116041.
3, 7, 1289
List the prime factors of 1146132.
2, 3, 13, 31, 79
List the prime factors of 34293109.
29, 1182521
What are the prime factors of 3320704?
2, 25943
List the prime factors of 1735613.
11, 83, 1901
List the prime factors of 35087074.
2, 11, 1594867
What are the prime factors of 168590?
2, 5, 23, 733
List the prime factors of 93614.
2, 46807
List the prime factors of 1318384.
2, 17, 37, 131
What are the prime factors of 127787?
11, 11617
What are the prime factors of 1111268?
2, 23, 47, 257
List the prime factors of 11568911.
823, 14057
List the prime factors of 6423842.
2, 89, 151, 239
What are the prime factors of 1810599?
3, 7, 109, 113
List the prime factors of 670444.
2, 167611
List the prime factors of 92885.
5, 13, 1429
What are the prime factors of 323004?
2, 3, 11, 2447
List the prime factors of 960749.
43, 22343
List the prime factors of 2396888.
2, 13, 19, 1213
List the prime factors of 1647886.
2, 541, 1523
List the prime factors of 2474039.
2474039
What are the prime factors of 8364032?
2, 1021
List the prime factors of 3439673.
23, 149551
List the prime factors of 96561.
3, 10729
List the prime factors of 220145.
5, 44029
What are the prime factors of 152024?
2, 31, 613
What are the prime factors of 1138501?
7, 13, 12511
List the prime factors of 9388218.
2, 3, 7, 223529
List the prime factors of 170697.
3, 17, 3347
List the prime factors of 440577.
3, 48953
List the prime factors of 184836.
2, 3, 73, 211
List the prime factors of 290553.
3, 96851
List the prime factors of 19722261.
3, 13, 17, 151, 197
List the prime factors of 3953293.
3953293
List the prime factors of 900921.
3, 7, 42901
List the prime factors of 389751.
3, 129917
What are the prime factors of 821050?
2, 5, 16421
What are the prime factors of 137309?
17, 41, 197
List the prime f